 509350 is divided by 169521?
787
Calculate the remainder when 1021878 is divided by 5159.
396
Calculate the remainder when 11913889 is divided by 965.
964
Calculate the remainder when 9394940 is divided by 1882.
1878
What is the remainder when 357001853 is divided by 65?
13
What is the remainder when 7826579 is divided by 2608829?
92
What is the remainder when 16971744 is divided by 694?
668
Calculate the remainder when 774822 is divided by 96825.
222
Calculate the remainder when 1889667 is divided by 171763.
274
Calculate the remainder when 24412761 is divided by 358.
25
What is the remainder when 259347 is divided by 1372?
39
Calculate the remainder when 71268 is divided by 16626.
4764
What is the remainder when 907063 is divided by 657?
403
What is the remainder when 2165960 is divided by 309330?
650
Calculate the remainder when 1345915 is divided by 616.
571
Calculate the remainder when 2120574 is divided by 2120572.
2
Calculate the remainder when 1111171 is divided by 2671.
35
What is the remainder when 19887007 is divided by 109269?
49
Calculate the remainder when 56573834 is divided by 1533.
2
Calculate the remainder when 2804598 is divided by 122.
62
What is the remainder when 3996605 is divided by 1943?
1797
Calculate the remainder when 2682607 is divided by 35.
32
Calculate the remainder when 43580 is divided by 942.
248
Calculate the remainder when 1946798 is divided by 22.
18
Calculate the remainder when 33296001 is divided by 500.
1
What is the remainder when 167895 is divided by 3173?
2899
Calculate the remainder when 494679 is divided by 2189.
2154
What is the remainder when 14841085 is divided by 331?
38
Calculate the remainder when 104431 is divided by 187.
85
What is the remainder when 2785200 is divided by 44?
0
What is the remainder when 24445 is divided by 8084?
193
What is the remainder when 12890314 is divided by 1075?
1064
Calculate the remainder when 2656096 is divided by 442681.
10
What is the remainder when 678811 is divided by 8676?
2083
What is the remainder when 4118047 is divided by 11?
10
What is the remainder when 1233039 is divided by 28675?
14
Calculate the remainder when 1460632 is divided by 28.
12
Calculate the remainder when 21450134 is divided by 17.
10
What is the remainder when 1137616 is divided by 3407?
3085
What is the remainder when 19228231 is divided by 6409408?
7
Calculate the remainder when 3114312 is divided by 10.
2
Calculate the remainder when 359556180 is divided by 29.
28
What is the remainder when 127836 is divided by 21257?
294
Calculate the remainder when 434057 is divided by 12763.
115
Calculate the remainder when 15205629 is divided by 416.
413
Calculate the remainder when 25148102 is divided by 392.
126
Calculate the remainder when 352432 is divided by 162.
82
Calculate the remainder when 3518116113 is divided by 19.
18
What is the remainder when 646991 is divided by 279?
269
What is the remainder when 1060817 is divided by 112?
65
What is the remainder when 575659 is divided by 730?
419
What is the remainder when 11266 is divided by 10178?
1088
Calculate the remainder when 127687 is divided by 31892.
119
What is the remainder when 3630334 is divided by 330027?
37
What is the remainder when 86297 is divided by 86170?
127
Calculate the remainder when 44315671 is divided by 4431566.
11
What is the remainder when 248455 is divided by 3067?
28
Calculate the remainder when 6756036 is divided by 124.
20
What is the remainder when 827945 is divided by 275900?
245
What is the remainder when 1516766 is divided by 189560?
286
What is the remainder when 2227463 is divided by 1113717?
29
What is the remainder when 58725807 is divided by 703?
702
Calculate the remainder when 19235 is divided by 1956.
1631
Calculate the remainder when 8450998 is divided by 73.
7
Calculate the remainder when 215178 is divided by 2793.
117
What is the remainder when 43609 is divided by 10537?
1461
What is the remainder when 4547616 is divided by 308?
304
What is the remainder when 23002 is divided by 5615?
542
Calculate the remainder when 258648 is divided by 201.
162
Calculate the remainder when 54726600 is divided by 82.
46
Calculate the remainder when 981191 is divided by 980072.
1119
What is the remainder when 13411941 is divided by 2022?
15
Calculate the remainder when 5111521 is divided by 1380.
1
What is the remainder when 13156281 is divided by 78?
21
What is the remainder when 2485101 is divided by 26720?
141
Calculate the remainder when 8704251 is divided by 22036.
31
Calculate the remainder when 30053138 is divided by 429.
401
What is the remainder when 4965421 is divided by 1463?
1462
Calculate the remainder when 2516432 is divided by 13383.
428
What is the remainder when 247850 is divided by 8546?
16
What is the remainder when 74893 is divided by 316?
1
Calculate the remainder when 928608 is divided by 102.
0
Calculate the remainder when 819941 is divided by 1995.
1991
Calculate the remainder when 31031903 is divided by 488.
471
Calculate the remainder when 235707743 is divided by 2778.
2777
What is the remainder when 888427 is divided by 35536?
27
Calculate the remainder when 218135 is divided by 1030.
805
What is the remainder when 94335149 is divided by 975?
974
Calculate the remainder when 266988 is divided by 6068.
6064
Calculate the remainder when 996296 is divided by 24906.
56
Calculate the remainder when 1041964 is divided by 760.
4
What is the remainder when 470613069 is divided by 12?
9
What is the remainder when 14266954 is divided by 11656?
10
What is the remainder when 40455 is divided by 13367?
354
Calculate the remainder when 952358 is divided by 476171.
16
What is the remainder when 16569124 is divided by 1901?
8
Calculate the remainder when 955322 is divided by 2676.
2666
Calculate the remainder when 4737291 is divided by 4516.
7
Calculate the remainder when 2744183 is divided by 914712.
47
Calculate the remainder when 26282 is divided by 16.
10
Calculate the remainder when 374351 is divided by 124728.
167
What is the remainder when 20470811 is divided by 298?
297
Calculate the remainder when 5656445 is divided by 1131286.
15
What is the remainder when 461160 is divided by 6408?
6192
What is the remainder when 188106895 is divided by 21157?
8
What is the remainder when 2914408 is divided by 638?
24
What is the remainder when 4540240 is divided by 597?
55
What is the remainder when 3244145 is divided by 141048?
41
Calculate the remainder when 8227768 is divided by 230.
208
What is the remainder when 304052 is divided by 33782?
14
What is the remainder when 161413 is divided by 13444?
85
What is the remainder when 3015060 is divided by 14926?
8
What is the remainder when 712232 is divided by 5101?
3193
Calculate the remainder when 34394205 is divided by 976.
941
What is the remainder when 61307 is divided by 28646?
4015
What is the remainder when 12297217 is divided by 89?
87
What is the remainder when 54304 is divided by 2508?
1636
Calculate the remainder when 7045057 is divided by 259.
257
What is the remainder when 9614079 is divided by 70?
69
What is the remainder when 990521 is divided by 197996?
541
Calculate the remainder when 2307391 is divided by 86.
11
What is the remainder when 72051 is divided by 71?
57
Calculate the remainder when 1760137 is divided by 867.
127
What is the remainder when 243111 is divided by 1071?
1065
Calculate the remainder when 40946296 is divided by 2123.
2118
What is the remainder when 231168309 is divided by 302?
295
Calculate the remainder when 170059 is divided by 1772.
1719
What is the remainder when 32010 is divided by 31671?
339
What is the remainder when 68675 is divided by 4559?
290
Calculate the remainder when 26249 is divided by 2140.
569
Calculate the remainder when 64018 is divided by 776.
386
Calculate the remainder when 2564009 is divided by 34.
1
Calculate the remainder when 2031419 is divided by 5208.
299
What is the remainder when 7265078 is divided by 3050?
3028
Calculate the remainder when 3741131 is divided by 84.
23
Calculate the remainder when 27887471 is divided by 48.
47
Calculate the remainder when 15541775 is divided by 14.
11
Calculate the remainder when 158765 is divided by 2838.
2675
What is the remainder when 248260 is